{"id":1275,"date":"2022-06-20T18:56:02","date_gmt":"2022-06-20T15:56:02","guid":{"rendered":"https:\/\/www.koncchocolate.com\/?post_type=product&#038;p=1275"},"modified":"2022-06-21T12:16:41","modified_gmt":"2022-06-21T09:16:41","slug":"fildisi-konfiseri-cikolata-blok-25-kg","status":"publish","type":"product","link":"https:\/\/www.koncchocolate.com\/?product=fildisi-konfiseri-cikolata-blok-25-kg","title":{"rendered":"Fildi\u015fi Konfiseri \u00c7ikolata  Blok (2,5kg)"},"content":{"rendered":"","protected":false},"excerpt":{"rendered":"","protected":false},"featured_media":1276,"template":"elementor_theme","meta":[],"product_cat":[45],"product_tag":[33,35,44],"yoast_head":"<!-- This site is optimized with the Yoast SEO plugin v19.1 - https:\/\/yoast.com\/wordpress\/plugins\/seo\/ -->\n<title>Fildi\u015fi Konfiseri \u00c7ikolata Blok (2,5kg) - Kon\u00e7 Chocolate<\/title>\n<meta name=\"robots\" content=\"index, follow, max-snippet:-1, max-image-preview:large, max-video-preview:-1\" \/>\n<link rel=\"canonical\" href=\"https:\/\/www.koncchocolate.com\/?product=fildisi-konfiseri-cikolata-blok-25-kg\" \/>\n<meta property=\"og:locale\" content=\"tr_TR\" \/>\n<meta property=\"og:type\" content=\"article\" \/>\n<meta property=\"og:title\" content=\"Fildi\u015fi Konfiseri \u00c7ikolata Blok (2,5kg) - Kon\u00e7 Chocolate\" \/>\n<meta property=\"og:url\" content=\"https:\/\/www.koncchocolate.com\/?product=fildisi-konfiseri-cikolata-blok-25-kg\" \/>\n<meta property=\"og:site_name\" content=\"Kon\u00e7 Chocolate\" \/>\n<meta property=\"article:modified_time\" content=\"2022-06-21T09:16:41+00:00\" \/>\n<meta property=\"og:image\" content=\"https:\/\/www.koncchocolate.com\/wp-content\/uploads\/2022\/06\/25-kg-bitter-konfiseri-blok.jpg\" \/>\n\t<meta property=\"og:image:width\" content=\"1240\" \/>\n\t<meta property=\"og:image:height\" content=\"1754\" \/>\n\t<meta property=\"og:image:type\" content=\"image\/jpeg\" \/>\n<meta name=\"twitter:card\" content=\"summary_large_image\" \/>\n<script type=\"application\/ld+json\" class=\"yoast-schema-graph\">{\"@context\":\"https:\/\/schema.org\",\"@graph\":[{\"@type\":\"WebSite\",\"@id\":\"https:\/\/www.koncchocolate.com\/#website\",\"url\":\"https:\/\/www.koncchocolate.com\/\",\"name\":\"Kon\u00e7 Chocolate\",\"description\":\"Life is Better With Chocolate\",\"potentialAction\":[{\"@type\":\"SearchAction\",\"target\":{\"@type\":\"EntryPoint\",\"urlTemplate\":\"https:\/\/www.koncchocolate.com\/?s={search_term_string}\"},\"query-input\":\"required name=search_term_string\"}],\"inLanguage\":\"tr\"},{\"@type\":\"ImageObject\",\"inLanguage\":\"tr\",\"@id\":\"https:\/\/www.koncchocolate.com\/?product=fildisi-konfiseri-cikolata-blok-25-kg#primaryimage\",\"url\":\"https:\/\/www.koncchocolate.com\/wp-content\/uploads\/2022\/06\/25-kg-bitter-konfiseri-blok.jpg\",\"contentUrl\":\"https:\/\/www.koncchocolate.com\/wp-content\/uploads\/2022\/06\/25-kg-bitter-konfiseri-blok.jpg\",\"width\":1240,\"height\":1754},{\"@type\":\"WebPage\",\"@id\":\"https:\/\/www.koncchocolate.com\/?product=fildisi-konfiseri-cikolata-blok-25-kg#webpage\",\"url\":\"https:\/\/www.koncchocolate.com\/?product=fildisi-konfiseri-cikolata-blok-25-kg\",\"name\":\"Fildi\u015fi Konfiseri \u00c7ikolata Blok (2,5kg) - Kon\u00e7 Chocolate\",\"isPartOf\":{\"@id\":\"https:\/\/www.koncchocolate.com\/#website\"},\"primaryImageOfPage\":{\"@id\":\"https:\/\/www.koncchocolate.com\/?product=fildisi-konfiseri-cikolata-blok-25-kg#primaryimage\"},\"datePublished\":\"2022-06-20T15:56:02+00:00\",\"dateModified\":\"2022-06-21T09:16:41+00:00\",\"breadcrumb\":{\"@id\":\"https:\/\/www.koncchocolate.com\/?product=fildisi-konfiseri-cikolata-blok-25-kg#breadcrumb\"},\"inLanguage\":\"tr\",\"potentialAction\":[{\"@type\":\"ReadAction\",\"target\":[\"https:\/\/www.koncchocolate.com\/?product=fildisi-konfiseri-cikolata-blok-25-kg\"]}]},{\"@type\":\"BreadcrumbList\",\"@id\":\"https:\/\/www.koncchocolate.com\/?product=fildisi-konfiseri-cikolata-blok-25-kg#breadcrumb\",\"itemListElement\":[{\"@type\":\"ListItem\",\"position\":1,\"name\":\"Anasayfa\",\"item\":\"https:\/\/www.koncchocolate.com\/\"},{\"@type\":\"ListItem\",\"position\":2,\"name\":\"Ma\u011faza\",\"item\":\"https:\/\/www.koncchocolate.com\/?page_id=1091\"},{\"@type\":\"ListItem\",\"position\":3,\"name\":\"Fildi\u015fi Konfiseri \u00c7ikolata Blok (2,5kg)\"}]}]}<\/script>\n<!-- \/ Yoast SEO plugin. -->","yoast_head_json":{"title":"Fildi\u015fi Konfiseri \u00c7ikolata Blok (2,5kg) - Kon\u00e7 Chocolate","robots":{"index":"index","follow":"follow","max-snippet":"max-snippet:-1","max-image-preview":"max-image-preview:large","max-video-preview":"max-video-preview:-1"},"canonical":"https:\/\/www.koncchocolate.com\/?product=fildisi-konfiseri-cikolata-blok-25-kg","og_locale":"tr_TR","og_type":"article","og_title":"Fildi\u015fi Konfiseri \u00c7ikolata Blok (2,5kg) - Kon\u00e7 Chocolate","og_url":"https:\/\/www.koncchocolate.com\/?product=fildisi-konfiseri-cikolata-blok-25-kg","og_site_name":"Kon\u00e7 Chocolate","article_modified_time":"2022-06-21T09:16:41+00:00","og_image":[{"width":1240,"height":1754,"url":"https:\/\/www.koncchocolate.com\/wp-content\/uploads\/2022\/06\/25-kg-bitter-konfiseri-blok.jpg","type":"image\/jpeg"}],"twitter_card":"summary_large_image","schema":{"@context":"https:\/\/schema.org","@graph":[{"@type":"WebSite","@id":"https:\/\/www.koncchocolate.com\/#website","url":"https:\/\/www.koncchocolate.com\/","name":"Kon\u00e7 Chocolate","description":"Life is Better With Chocolate","potentialAction":[{"@type":"SearchAction","target":{"@type":"EntryPoint","urlTemplate":"https:\/\/www.koncchocolate.com\/?s={search_term_string}"},"query-input":"required name=search_term_string"}],"inLanguage":"tr"},{"@type":"ImageObject","inLanguage":"tr","@id":"https:\/\/www.koncchocolate.com\/?product=fildisi-konfiseri-cikolata-blok-25-kg#primaryimage","url":"https:\/\/www.koncchocolate.com\/wp-content\/uploads\/2022\/06\/25-kg-bitter-konfiseri-blok.jpg","contentUrl":"https:\/\/www.koncchocolate.com\/wp-content\/uploads\/2022\/06\/25-kg-bitter-konfiseri-blok.jpg","width":1240,"height":1754},{"@type":"WebPage","@id":"https:\/\/www.koncchocolate.com\/?product=fildisi-konfiseri-cikolata-blok-25-kg#webpage","url":"https:\/\/www.koncchocolate.com\/?product=fildisi-konfiseri-cikolata-blok-25-kg","name":"Fildi\u015fi Konfiseri \u00c7ikolata Blok (2,5kg) - Kon\u00e7 Chocolate","isPartOf":{"@id":"https:\/\/www.koncchocolate.com\/#website"},"primaryImageOfPage":{"@id":"https:\/\/www.koncchocolate.com\/?product=fildisi-konfiseri-cikolata-blok-25-kg#primaryimage"},"datePublished":"2022-06-20T15:56:02+00:00","dateModified":"2022-06-21T09:16:41+00:00","breadcrumb":{"@id":"https:\/\/www.koncchocolate.com\/?product=fildisi-konfiseri-cikolata-blok-25-kg#breadcrumb"},"inLanguage":"tr","potentialAction":[{"@type":"ReadAction","target":["https:\/\/www.koncchocolate.com\/?product=fildisi-konfiseri-cikolata-blok-25-kg"]}]},{"@type":"BreadcrumbList","@id":"https:\/\/www.koncchocolate.com\/?product=fildisi-konfiseri-cikolata-blok-25-kg#breadcrumb","itemListElement":[{"@type":"ListItem","position":1,"name":"Anasayfa","item":"https:\/\/www.koncchocolate.com\/"},{"@type":"ListItem","position":2,"name":"Ma\u011faza","item":"https:\/\/www.koncchocolate.com\/?page_id=1091"},{"@type":"ListItem","position":3,"name":"Fildi\u015fi Konfiseri \u00c7ikolata Blok (2,5kg)"}]}]}},"_links":{"self":[{"href":"https:\/\/www.koncchocolate.com\/index.php?rest_route=\/wp\/v2\/product\/1275"}],"collection":[{"href":"https:\/\/www.koncchocolate.com\/index.php?rest_route=\/wp\/v2\/product"}],"about":[{"href":"https:\/\/www.koncchocolate.com\/index.php?rest_route=\/wp\/v2\/types\/product"}],"version-history":[{"count":3,"href":"https:\/\/www.koncchocolate.com\/index.php?rest_route=\/wp\/v2\/product\/1275\/revisions"}],"predecessor-version":[{"id":1419,"href":"https:\/\/www.koncchocolate.com\/index.php?rest_route=\/wp\/v2\/product\/1275\/revisions\/1419"}],"wp:featuredmedia":[{"embeddable":true,"href":"https:\/\/www.koncchocolate.com\/index.php?rest_route=\/wp\/v2\/media\/1276"}],"wp:attachment":[{"href":"https:\/\/www.koncchocolate.com\/index.php?rest_route=%2Fwp%2Fv2%2Fmedia&parent=1275"}],"wp:term":[{"taxonomy":"product_cat","embeddable":true,"href":"https:\/\/www.koncchocolate.com\/index.php?rest_route=%2Fwp%2Fv2%2Fproduct_cat&post=1275"},{"taxonomy":"product_tag","embeddable":true,"href":"https:\/\/www.koncchocolate.com\/index.php?rest_route=%2Fwp%2Fv2%2Fproduct_tag&post=1275"}],"curies":[{"name":"wp","href":"https:\/\/api.w.org\/{rel}","templated":true}]}}